{"id":12399,"date":"2018-05-22T10:36:29","date_gmt":"2018-05-22T10:36:29","guid":{"rendered":"http:\/\/www.lacasonadelcarmen.com\/alojamiento-rural\/?page_id=12399"},"modified":"2024-05-22T07:50:15","modified_gmt":"2024-05-22T07:50:15","slug":"rgpd","status":"publish","type":"page","link":"https:\/\/www.lacasonadelcarmen.com\/alojamiento-rural\/rgpd\/","title":{"rendered":"CLAUSULA INFORMATIVA EN CUMPLIMIENTO DE LA LEY DE PROTECCION DE DATOS R.G.P.D. (2018)"},"content":{"rendered":"[vc_row][vc_column]<hr class=\"vertical-space1\">\n\t<div class=\"max-title max-title1\">\n\t\t<h2>Cla\u00fasula informativa en cumplimiento de la Ley de Protecci\u00f3n de Datos R.G.P.D. (2018)<\/h2>\n\t<\/div><hr class=\"vertical-space1\">[vc_column_text]\n<p style=\"text-align: center;\">Responsable: Identidad: TURISTICA RURAL EL CARMEN, S.L. &#8211; NIF: B39828504 Dir. postal: calle El Carmen, 15 39180 Noja Cantabria Tel\u00e9fono: 619144927 Correo elect: info@lacasonadelcarmen.com<\/p>\n<p style=\"text-align: center;\">&#8220;En nombre de la empresa tratamos la informaci\u00f3n que nos facilita con el fin de prestarles nuestros servicios de manera eficaz, as\u00ed como la de realizar la facturaci\u00f3n de los mismos si es el caso. Los datos proporcionados se conservar\u00e1n mientras se mantenga la relaci\u00f3n comercial o durante los a\u00f1os necesarios para cumplir con las obligaciones legales, y \u00e9stos ser\u00e1n su \u00fanicos usos. Los datos no se ceder\u00e1n a terceros salvo en los casos en que exista una obligaci\u00f3n legal&#8221;.<\/p>\n<p style=\"text-align: center;\">Usted tiene derecho a obtener confirmaci\u00f3n sobre si en TURISTICA RURAL EL CARMEN, S.L. estamos tratando sus datos personales, por tanto tiene derecho a acceder a sus datos personales, rectificar los datos inexactos o solicitar su supresi\u00f3n cuando los datos ya no sean necesarios.<\/p>\n[\/vc_column_text][\/vc_column][\/vc_row]\n","protected":false},"excerpt":{"rendered":"<p>[vc_row][vc_column][vc_column_text] Responsable: Identidad: TURISTICA RURAL EL CARMEN, S.L. &#8211; NIF: B39828504 Dir. postal: calle El Carmen, 15 39180 Noja Cantabria Tel\u00e9fono: 619144927 Correo elect: info@lacasonadelcarmen.com &#8220;En nombre de la empresa tratamos la informaci\u00f3n que nos facilita con el fin de prestarles nuestros servicios de manera eficaz, as\u00ed como la de realizar la facturaci\u00f3n de los mismos si es el caso. Los datos proporcionados se conservar\u00e1n mientras se mantenga la relaci\u00f3n comercial o durante los a\u00f1os necesarios para cumplir con las obligaciones legales, y \u00e9stos ser\u00e1n su \u00fanicos usos. Los datos no se ceder\u00e1n a terceros salvo en los casos en que exista una obligaci\u00f3n legal&#8221;. Usted tiene derecho a obtener confirmaci\u00f3n sobre si en TURISTICA RURAL EL CARMEN, S.L. estamos tratando sus datos personales, por tanto tiene derecho a acceder a sus datos personales, rectificar los datos inexactos o solicitar su supresi\u00f3n cuando los datos ya no sean necesarios. [\/vc_column_text][\/vc_column][\/vc_row]<\/p>\n","protected":false},"author":1,"featured_media":0,"parent":0,"menu_order":0,"comment_status":"closed","ping_status":"closed","template":"","meta":{"footnotes":""},"yoast_head":"<!-- This site is optimized with the Yoast SEO plugin v23.0 - https:\/\/yoast.com\/wordpress\/plugins\/seo\/ -->\n<title>CLAUSULA INFORMATIVA EN CUMPLIMIENTO DE LA LEY DE PROTECCION DE DATOS R.G.P.D. (2018) - La Casona del Carmen<\/title>\n<meta name=\"robots\" content=\"index, follow, max-snippet:-1, max-image-preview:large, max-video-preview:-1\" \/>\n<link rel=\"canonical\" href=\"https:\/\/www.lacasonadelcarmen.com\/alojamiento-rural\/rgpd\/\" \/>\n<meta property=\"og:locale\" content=\"es_ES\" \/>\n<meta property=\"og:type\" content=\"article\" \/>\n<meta property=\"og:title\" content=\"CLAUSULA INFORMATIVA EN CUMPLIMIENTO DE LA LEY DE PROTECCION DE DATOS R.G.P.D. (2018) - La Casona del Carmen\" \/>\n<meta property=\"og:description\" content=\"[vc_row][vc_column][vc_column_text] Responsable: Identidad: TURISTICA RURAL EL CARMEN, S.L. &#8211; NIF: B39828504 Dir. postal: calle El Carmen, 15 39180 Noja Cantabria Tel\u00e9fono: 619144927 Correo elect: info@lacasonadelcarmen.com &#8220;En nombre de la empresa tratamos la informaci\u00f3n que nos facilita con el fin de prestarles nuestros servicios de manera eficaz, as\u00ed como la de realizar la facturaci\u00f3n de los mismos si es el caso. Los datos proporcionados se conservar\u00e1n mientras se mantenga la relaci\u00f3n comercial o durante los a\u00f1os necesarios para cumplir con las obligaciones legales, y \u00e9stos ser\u00e1n su \u00fanicos usos. Los datos no se ceder\u00e1n a terceros salvo en los casos en que exista una obligaci\u00f3n legal&#8221;. Usted tiene derecho a obtener confirmaci\u00f3n sobre si en TURISTICA RURAL EL CARMEN, S.L. estamos tratando sus datos personales, por tanto tiene derecho a acceder a sus datos personales, rectificar los datos inexactos o solicitar su supresi\u00f3n cuando los datos ya no sean necesarios. [\/vc_column_text][\/vc_column][\/vc_row]\" \/>\n<meta property=\"og:url\" content=\"https:\/\/www.lacasonadelcarmen.com\/alojamiento-rural\/rgpd\/\" \/>\n<meta property=\"og:site_name\" content=\"La Casona del Carmen\" \/>\n<meta property=\"article:modified_time\" content=\"2024-05-22T07:50:15+00:00\" \/>\n<meta name=\"twitter:card\" content=\"summary_large_image\" \/>\n<meta name=\"twitter:label1\" content=\"Est. reading time\" \/>\n\t<meta name=\"twitter:data1\" content=\"1 minuto\" \/>\n<script type=\"application\/ld+json\" class=\"yoast-schema-graph\">{\"@context\":\"https:\/\/schema.org\",\"@graph\":[{\"@type\":\"WebPage\",\"@id\":\"https:\/\/www.lacasonadelcarmen.com\/alojamiento-rural\/rgpd\/\",\"url\":\"https:\/\/www.lacasonadelcarmen.com\/alojamiento-rural\/rgpd\/\",\"name\":\"CLAUSULA INFORMATIVA EN CUMPLIMIENTO DE LA LEY DE PROTECCION DE DATOS R.G.P.D. (2018) - La Casona del Carmen\",\"isPartOf\":{\"@id\":\"https:\/\/www.lacasonadelcarmen.com\/alojamiento-rural\/#website\"},\"datePublished\":\"2018-05-22T10:36:29+00:00\",\"dateModified\":\"2024-05-22T07:50:15+00:00\",\"breadcrumb\":{\"@id\":\"https:\/\/www.lacasonadelcarmen.com\/alojamiento-rural\/rgpd\/#breadcrumb\"},\"inLanguage\":\"es\",\"potentialAction\":[{\"@type\":\"ReadAction\",\"target\":[\"https:\/\/www.lacasonadelcarmen.com\/alojamiento-rural\/rgpd\/\"]}]},{\"@type\":\"BreadcrumbList\",\"@id\":\"https:\/\/www.lacasonadelcarmen.com\/alojamiento-rural\/rgpd\/#breadcrumb\",\"itemListElement\":[{\"@type\":\"ListItem\",\"position\":1,\"name\":\"Home\",\"item\":\"https:\/\/www.lacasonadelcarmen.com\/alojamiento-rural\/\"},{\"@type\":\"ListItem\",\"position\":2,\"name\":\"CLAUSULA INFORMATIVA EN CUMPLIMIENTO DE LA LEY DE PROTECCION DE DATOS R.G.P.D. (2018)\"}]},{\"@type\":\"WebSite\",\"@id\":\"https:\/\/www.lacasonadelcarmen.com\/alojamiento-rural\/#website\",\"url\":\"https:\/\/www.lacasonadelcarmen.com\/alojamiento-rural\/\",\"name\":\"La Casona del Carmen\",\"description\":\"Apartamentos Rurales Noja (Cantabria), playa, monta\u00f1a, turismo familiar y dog-friendly\",\"publisher\":{\"@id\":\"https:\/\/www.lacasonadelcarmen.com\/alojamiento-rural\/#organization\"},\"potentialAction\":[{\"@type\":\"SearchAction\",\"target\":{\"@type\":\"EntryPoint\",\"urlTemplate\":\"https:\/\/www.lacasonadelcarmen.com\/alojamiento-rural\/?s={search_term_string}\"},\"query-input\":\"required name=search_term_string\"}],\"inLanguage\":\"es\"},{\"@type\":\"Organization\",\"@id\":\"https:\/\/www.lacasonadelcarmen.com\/alojamiento-rural\/#organization\",\"name\":\"La Casona del Carmen\",\"url\":\"https:\/\/www.lacasonadelcarmen.com\/alojamiento-rural\/\",\"logo\":{\"@type\":\"ImageObject\",\"inLanguage\":\"es\",\"@id\":\"https:\/\/www.lacasonadelcarmen.com\/alojamiento-rural\/#\/schema\/logo\/image\/\",\"url\":\"https:\/\/www.lacasonadelcarmen.com\/alojamiento-rural\/wp-content\/uploads\/2024\/07\/Captura-de-pantalla-2024-07-10-140658.png\",\"contentUrl\":\"https:\/\/www.lacasonadelcarmen.com\/alojamiento-rural\/wp-content\/uploads\/2024\/07\/Captura-de-pantalla-2024-07-10-140658.png\",\"width\":169,\"height\":94,\"caption\":\"La Casona del Carmen\"},\"image\":{\"@id\":\"https:\/\/www.lacasonadelcarmen.com\/alojamiento-rural\/#\/schema\/logo\/image\/\"}}]}<\/script>\n<!-- \/ Yoast SEO plugin. -->","yoast_head_json":{"title":"CLAUSULA INFORMATIVA EN CUMPLIMIENTO DE LA LEY DE PROTECCION DE DATOS R.G.P.D. (2018) - La Casona del Carmen","robots":{"index":"index","follow":"follow","max-snippet":"max-snippet:-1","max-image-preview":"max-image-preview:large","max-video-preview":"max-video-preview:-1"},"canonical":"https:\/\/www.lacasonadelcarmen.com\/alojamiento-rural\/rgpd\/","og_locale":"es_ES","og_type":"article","og_title":"CLAUSULA INFORMATIVA EN CUMPLIMIENTO DE LA LEY DE PROTECCION DE DATOS R.G.P.D. (2018) - La Casona del Carmen","og_description":"[vc_row][vc_column][vc_column_text] Responsable: Identidad: TURISTICA RURAL EL CARMEN, S.L. &#8211; NIF: B39828504 Dir. postal: calle El Carmen, 15 39180 Noja Cantabria Tel\u00e9fono: 619144927 Correo elect: info@lacasonadelcarmen.com &#8220;En nombre de la empresa tratamos la informaci\u00f3n que nos facilita con el fin de prestarles nuestros servicios de manera eficaz, as\u00ed como la de realizar la facturaci\u00f3n de los mismos si es el caso. Los datos proporcionados se conservar\u00e1n mientras se mantenga la relaci\u00f3n comercial o durante los a\u00f1os necesarios para cumplir con las obligaciones legales, y \u00e9stos ser\u00e1n su \u00fanicos usos. Los datos no se ceder\u00e1n a terceros salvo en los casos en que exista una obligaci\u00f3n legal&#8221;. Usted tiene derecho a obtener confirmaci\u00f3n sobre si en TURISTICA RURAL EL CARMEN, S.L. estamos tratando sus datos personales, por tanto tiene derecho a acceder a sus datos personales, rectificar los datos inexactos o solicitar su supresi\u00f3n cuando los datos ya no sean necesarios. [\/vc_column_text][\/vc_column][\/vc_row]","og_url":"https:\/\/www.lacasonadelcarmen.com\/alojamiento-rural\/rgpd\/","og_site_name":"La Casona del Carmen","article_modified_time":"2024-05-22T07:50:15+00:00","twitter_card":"summary_large_image","twitter_misc":{"Est. reading time":"1 minuto"},"schema":{"@context":"https:\/\/schema.org","@graph":[{"@type":"WebPage","@id":"https:\/\/www.lacasonadelcarmen.com\/alojamiento-rural\/rgpd\/","url":"https:\/\/www.lacasonadelcarmen.com\/alojamiento-rural\/rgpd\/","name":"CLAUSULA INFORMATIVA EN CUMPLIMIENTO DE LA LEY DE PROTECCION DE DATOS R.G.P.D. (2018) - La Casona del Carmen","isPartOf":{"@id":"https:\/\/www.lacasonadelcarmen.com\/alojamiento-rural\/#website"},"datePublished":"2018-05-22T10:36:29+00:00","dateModified":"2024-05-22T07:50:15+00:00","breadcrumb":{"@id":"https:\/\/www.lacasonadelcarmen.com\/alojamiento-rural\/rgpd\/#breadcrumb"},"inLanguage":"es","potentialAction":[{"@type":"ReadAction","target":["https:\/\/www.lacasonadelcarmen.com\/alojamiento-rural\/rgpd\/"]}]},{"@type":"BreadcrumbList","@id":"https:\/\/www.lacasonadelcarmen.com\/alojamiento-rural\/rgpd\/#breadcrumb","itemListElement":[{"@type":"ListItem","position":1,"name":"Home","item":"https:\/\/www.lacasonadelcarmen.com\/alojamiento-rural\/"},{"@type":"ListItem","position":2,"name":"CLAUSULA INFORMATIVA EN CUMPLIMIENTO DE LA LEY DE PROTECCION DE DATOS R.G.P.D. (2018)"}]},{"@type":"WebSite","@id":"https:\/\/www.lacasonadelcarmen.com\/alojamiento-rural\/#website","url":"https:\/\/www.lacasonadelcarmen.com\/alojamiento-rural\/","name":"La Casona del Carmen","description":"Apartamentos Rurales Noja (Cantabria), playa, monta\u00f1a, turismo familiar y dog-friendly","publisher":{"@id":"https:\/\/www.lacasonadelcarmen.com\/alojamiento-rural\/#organization"},"potentialAction":[{"@type":"SearchAction","target":{"@type":"EntryPoint","urlTemplate":"https:\/\/www.lacasonadelcarmen.com\/alojamiento-rural\/?s={search_term_string}"},"query-input":"required name=search_term_string"}],"inLanguage":"es"},{"@type":"Organization","@id":"https:\/\/www.lacasonadelcarmen.com\/alojamiento-rural\/#organization","name":"La Casona del Carmen","url":"https:\/\/www.lacasonadelcarmen.com\/alojamiento-rural\/","logo":{"@type":"ImageObject","inLanguage":"es","@id":"https:\/\/www.lacasonadelcarmen.com\/alojamiento-rural\/#\/schema\/logo\/image\/","url":"https:\/\/www.lacasonadelcarmen.com\/alojamiento-rural\/wp-content\/uploads\/2024\/07\/Captura-de-pantalla-2024-07-10-140658.png","contentUrl":"https:\/\/www.lacasonadelcarmen.com\/alojamiento-rural\/wp-content\/uploads\/2024\/07\/Captura-de-pantalla-2024-07-10-140658.png","width":169,"height":94,"caption":"La Casona del Carmen"},"image":{"@id":"https:\/\/www.lacasonadelcarmen.com\/alojamiento-rural\/#\/schema\/logo\/image\/"}}]}},"_links":{"self":[{"href":"https:\/\/www.lacasonadelcarmen.com\/alojamiento-rural\/wp-json\/wp\/v2\/pages\/12399"}],"collection":[{"href":"https:\/\/www.lacasonadelcarmen.com\/alojamiento-rural\/wp-json\/wp\/v2\/pages"}],"about":[{"href":"https:\/\/www.lacasonadelcarmen.com\/alojamiento-rural\/wp-json\/wp\/v2\/types\/page"}],"author":[{"embeddable":true,"href":"https:\/\/www.lacasonadelcarmen.com\/alojamiento-rural\/wp-json\/wp\/v2\/users\/1"}],"replies":[{"embeddable":true,"href":"https:\/\/www.lacasonadelcarmen.com\/alojamiento-rural\/wp-json\/wp\/v2\/comments?post=12399"}],"version-history":[{"count":7,"href":"https:\/\/www.lacasonadelcarmen.com\/alojamiento-rural\/wp-json\/wp\/v2\/pages\/12399\/revisions"}],"predecessor-version":[{"id":13027,"href":"https:\/\/www.lacasonadelcarmen.com\/alojamiento-rural\/wp-json\/wp\/v2\/pages\/12399\/revisions\/13027"}],"wp:attachment":[{"href":"https:\/\/www.lacasonadelcarmen.com\/alojamiento-rural\/wp-json\/wp\/v2\/media?parent=12399"}],"curies":[{"name":"wp","href":"https:\/\/api.w.org\/{rel}","templated":true}]}}